{"id":34,"date":"2024-04-08T02:11:14","date_gmt":"2024-04-08T01:11:14","guid":{"rendered":"https:\/\/gd4caminhos.com\/matosinhoscityrace\/?page_id=34"},"modified":"2026-02-10T22:50:18","modified_gmt":"2026-02-10T21:50:18","slug":"programa","status":"publish","type":"page","link":"https:\/\/gd4caminhos.com\/matosinhoscityrace\/programa\/","title":{"rendered":"Programa"},"content":{"rendered":"\n<p><strong>4 de Maio<\/strong><\/p>\n\n\n\n<p>Data limite para inscri\u00e7\u00e3o nos escal\u00f5es de competi\u00e7\u00e3o<\/p>\n\n\n\n<p><strong>7 de Maio<\/strong><\/p>\n\n\n\n<p>Divulga\u00e7\u00e3o das horas de partida<\/p>\n\n\n\n<p><strong>9 de Maio<\/strong> | <strong>Prova Indoor<\/strong><\/p>\n\n\n\n<p>15:00 \u2013 Abertura do secretariado na arena da prova<\/p>\n\n\n\n<p>16:30 \u2013 In\u00edcio das partidas dos escal\u00f5es de competi\u00e7\u00e3o e abertos<\/p>\n\n\n\n<p><strong>10 de Maio<\/strong> | <strong>Matosinhos City Race &#8211; Portugal City Race<\/strong><\/p>\n\n\n\n<p>08:30 \u2013 Abertura do secretariado na arena da prova<\/p>\n\n\n\n<p>10:00 \u2013 In\u00edcio das partidas dos escal\u00f5es de competi\u00e7\u00e3o e abertos<\/p>\n\n\n\n<p>12:30 \u2013 Cerim\u00f3nia de entrega de pr\u00e9mios<\/p>\n\n\n\n<p><\/p>\n","protected":false},"excerpt":{"rendered":"<p>4 de Maio Data limite para inscri\u00e7\u00e3o nos escal\u00f5es de competi\u00e7\u00e3o 7 de Maio Divulga\u00e7\u00e3o das horas de partida 9 de Maio | Prova Indoor 15:00 \u2013 Abertura do secretariado na arena da prova 16:30 \u2013 In\u00edcio das partidas dos escal\u00f5es de competi\u00e7\u00e3o e abertos 10 de Maio | Matosinhos City Race &#8211; Portugal City [&hellip;]<\/p>\n","protected":false},"author":2,"featured_media":0,"parent":0,"menu_order":0,"comment_status":"closed","ping_status":"closed","template":"","meta":{"footnotes":""},"class_list":["post-34","page","type-page","status-publish","hentry"],"_links":{"self":[{"href":"https:\/\/gd4caminhos.com\/matosinhoscityrace\/wp-json\/wp\/v2\/pages\/34","targetHints":{"allow":["GET"]}}],"collection":[{"href":"https:\/\/gd4caminhos.com\/matosinhoscityrace\/wp-json\/wp\/v2\/pages"}],"about":[{"href":"https:\/\/gd4caminhos.com\/matosinhoscityrace\/wp-json\/wp\/v2\/types\/page"}],"author":[{"embeddable":true,"href":"https:\/\/gd4caminhos.com\/matosinhoscityrace\/wp-json\/wp\/v2\/users\/2"}],"replies":[{"embeddable":true,"href":"https:\/\/gd4caminhos.com\/matosinhoscityrace\/wp-json\/wp\/v2\/comments?post=34"}],"version-history":[{"count":0,"href":"https:\/\/gd4caminhos.com\/matosinhoscityrace\/wp-json\/wp\/v2\/pages\/34\/revisions"}],"wp:attachment":[{"href":"https:\/\/gd4caminhos.com\/matosinhoscityrace\/wp-json\/wp\/v2\/media?parent=34"}],"curies":[{"name":"wp","href":"https:\/\/api.w.org\/{rel}","templated":true}]}}