{"id":10,"date":"2019-02-28T15:34:09","date_gmt":"2019-02-28T14:34:09","guid":{"rendered":"https:\/\/gd4caminhos.com\/oriviladoconde\/?page_id=10"},"modified":"2019-03-29T21:10:07","modified_gmt":"2019-03-29T20:10:07","slug":"info-geral","status":"publish","type":"page","link":"https:\/\/gd4caminhos.com\/oriviladoconde\/info-geral\/","title":{"rendered":"Info Geral"},"content":{"rendered":"<table class=\"table table-striped\">\n<thead>\n<tr>\n<th scope=\"col\">COMPETI\u00c7\u00c3O<\/th>\n<th scope=\"col\">ANO DE NASCIMENTO<\/th>\n<\/tr>\n<\/thead>\n<tbody>\n<tr>\n<td>Juvenis H\/D<\/td>\n<td>2004 a 2007<\/td>\n<\/tr>\n<tr>\n<td>Junior H\/D<\/td>\n<td>2000 a 2003<\/td>\n<\/tr>\n<tr>\n<td>Seniores H\/D<\/td>\n<td>1981 a 1999<\/td>\n<\/tr>\n<tr>\n<td>Veteranos I H\/D<\/td>\n<td>1966 a 1980<\/td>\n<\/tr>\n<tr>\n<td>Veteranos II H\/D<\/td>\n<td>1956 a 1965<\/td>\n<\/tr>\n<tr>\n<td>Veteranos III H\/D<\/td>\n<td>1946 a 1955<\/td>\n<\/tr>\n<tr>\n<td>Veteranos IV H\/D<\/td>\n<td>1945 ou antes<\/td>\n<\/tr>\n<tr>\n<td>Forma\u00e7\u00e3o<\/td>\n<td>2008 ou depois<\/td>\n<\/tr>\n<tr>\n<td>&nbsp;<\/td>\n<td>&nbsp;<\/td>\n<\/tr>\n<tr>\n<td><strong>Abertos<\/strong><\/td>\n<td>&nbsp;<\/td>\n<\/tr>\n<tr>\n<td>Open Curto<\/td>\n<td>Qualquer idade, sexo, individualmente ou em grupo<\/td>\n<\/tr>\n<tr>\n<td>Open M\u00e9dio<\/td>\n<td>Qualquer idade, sexo, individualmente ou em grupo<\/td>\n<\/tr>\n<tr>\n<td>Open Longo<\/td>\n<td>Qualquer idade, sexo, individualmente ou em grupo<\/td>\n<\/tr>\n<\/tbody>\n<\/table>\n\n\n<p>*Os participantes n\u00e3o federados, podem escolher os escal\u00f5es de competi\u00e7\u00e3o, mas tem de realizar a prova individualmente.<br>No caso de desejarem participar em grupo, tem que optar pelos escal\u00f5es abertos (Open Curto, Open M\u00e9dio ou Open Longo)<\/p>\n\n\n\n<p><strong>Localiza\u00e7\u00e3o da arena:<\/strong><br>Alameda dos Descobrimentos (sul).<br>GPS: 41.349533, -8.744931 <\/p>\n\n\n\n<p><strong>Estacionamento:<\/strong><br>N\u00e3o existe Parque de estacionamento da organiza\u00e7\u00e3o, devendo os participantes estacionarem nas ruas circundantes.<\/p>\n\n\n\n<p><strong>WC e Banhos:<\/strong><br>No pavilh\u00e3o do Parque de Jogos da Avenida J\u00falio Gra\u00e7a, a cerca de 150 metros da arena.  <br>GPS: 41.348534, -8.746240 <\/p>\n\n\n\n<p><strong>Pr\u00e9mios<\/strong><br>Medalha para os tr\u00eas primeiros de cada categoria, excepto os seniores que ser\u00e3o premiados os cinco primeiros.<br><\/p>\n\n\n\n<p><strong>Transportes P\u00fablicos:<\/strong><br>Mapa da rede do <a href=\"https:\/\/www.metrodoporto.pt\/uploads\/document\/file\/370\/MapaRede_NOVO.pdf\">Metro do Porto<\/a><br>Se tem alguma d\u00favida sobre o evento, consulte a p\u00e1gina das perguntas mais frequentes (FAQ), antes de fazer a sua inscri\u00e7\u00e3o.<\/p>\n\n\n\n<p><strong>Contactos:<\/strong><br>inscrever@gd4caminhos.com<br>936264216<\/p>\n\n\n\n<p><strong>Outras Informa\u00e7\u00f5es:<\/strong><br>N\u00e3o ser\u00e3o permitidas partidas a atletas sem cart\u00e3o SI (chip) ou com um n\u00famero diferente do constante da inscri\u00e7\u00e3o, altera\u00e7\u00f5es dever\u00e3o ser feitas com anteced\u00eancia pelo e-mail de inscri\u00e7\u00f5es ou, no dia da prova, no secretariado;<br>Regulamento da Competi\u00e7\u00e3o em vigor na FPO;<br>Sistema electr\u00f3nico Sport-Ident. Em caso de mau funcionamento da esta\u00e7\u00e3o SI dever\u00e3o ser picotadas as reservas existentes no mapa.<br>Na eventualidade de algum atleta n\u00e3o concluir o percurso, deve comunicar e descarregar o seu SICard na chegada;<br>Primeiros Socorros na chegada;<br>Servi\u00e7o de Babysitting junto \u00e0 concentra\u00e7\u00e3o.<br>N\u00e3o haver\u00e1 servi\u00e7o de bar na arena.<\/p>\n","protected":false},"excerpt":{"rendered":"<p>COMPETI\u00c7\u00c3O ANO DE NASCIMENTO Juvenis H\/D 2004 a 2007 Junior H\/D 2000 a 2003 Seniores H\/D 1981 a 1999 Veteranos I H\/D 1966 a 1980 Veteranos II H\/D 1956 a 1965 Veteranos III H\/D 1946 a 1955 Veteranos IV H\/D 1945 ou antes Forma\u00e7\u00e3o 2008 ou depois &nbsp; &nbsp; Abertos &nbsp; Open Curto Qualquer idade, [&hellip;]<\/p>\n","protected":false},"author":1,"featured_media":0,"parent":0,"menu_order":0,"comment_status":"closed","ping_status":"closed","template":"","meta":{"footnotes":""},"class_list":["post-10","page","type-page","status-publish","hentry"],"_links":{"self":[{"href":"https:\/\/gd4caminhos.com\/oriviladoconde\/wp-json\/wp\/v2\/pages\/10","targetHints":{"allow":["GET"]}}],"collection":[{"href":"https:\/\/gd4caminhos.com\/oriviladoconde\/wp-json\/wp\/v2\/pages"}],"about":[{"href":"https:\/\/gd4caminhos.com\/oriviladoconde\/wp-json\/wp\/v2\/types\/page"}],"author":[{"embeddable":true,"href":"https:\/\/gd4caminhos.com\/oriviladoconde\/wp-json\/wp\/v2\/users\/1"}],"replies":[{"embeddable":true,"href":"https:\/\/gd4caminhos.com\/oriviladoconde\/wp-json\/wp\/v2\/comments?post=10"}],"version-history":[{"count":6,"href":"https:\/\/gd4caminhos.com\/oriviladoconde\/wp-json\/wp\/v2\/pages\/10\/revisions"}],"predecessor-version":[{"id":92,"href":"https:\/\/gd4caminhos.com\/oriviladoconde\/wp-json\/wp\/v2\/pages\/10\/revisions\/92"}],"wp:attachment":[{"href":"https:\/\/gd4caminhos.com\/oriviladoconde\/wp-json\/wp\/v2\/media?parent=10"}],"curies":[{"name":"wp","href":"https:\/\/api.w.org\/{rel}","templated":true}]}}