{"id":985,"date":"2025-06-19T11:19:51","date_gmt":"2025-06-19T11:19:51","guid":{"rendered":"https:\/\/gd4caminhos.com\/portocityrace\/?page_id=985"},"modified":"2025-09-20T15:36:50","modified_gmt":"2025-09-20T15:36:50","slug":"reportagens","status":"publish","type":"page","link":"https:\/\/gd4caminhos.com\/portocityrace\/reportagens\/","title":{"rendered":"Reportagens"},"content":{"rendered":"<p>&nbsp;<\/p>\n<table>\n<tbody>\n<tr style=\"background-color: #f0f0f0;\">\n<td style=\"padding: 10px;\"><strong>18.09.2025<\/strong><\/td>\n<td style=\"padding: 10px;\"><a href=\"https:\/\/www.record.pt\/modalidades\/orientacao\/detalhe\/invicta-volta-a-receber-a-porto-city-race\" target=\"_blank\" rel=\"noopener\">Jornal Record | Invicta volta a receber a Porto City Race<\/a><\/td>\n<\/tr>\n<tr style=\"background-color: #ffffff;\">\n<td style=\"padding: 10px;\"><strong>10.09.2025<\/strong><\/td>\n<td style=\"padding: 10px;\"><a href=\"https:\/\/www.timeout.pt\/porto\/pt\/noticias\/de-mapa-na-mao-e-sapatilhas-nos-pes-a-porto-city-race-volta-a-sair-a-rua-091025\" target=\"_blank\" rel=\"noopener\">Time Out Porto | De mapa na m\u00e3o e sapatilhas nos p\u00e9s. A Porto City Race volta a sair \u00e0 rua.<\/a><\/td>\n<\/tr>\n<tr style=\"background-color: #f0f0f0;\">\n<td style=\"padding: 10px;\"><strong>07.09.2025<\/strong><\/td>\n<td style=\"padding: 10px;\"><a href=\"https:\/\/www.opraticante.pt\/porto-corre-se-e-descobre-se\/\" target=\"_blank\" rel=\"noopener\">O Praticante | Porto Corre-se e Descobre-se<\/a><\/td>\n<\/tr>\n<tr style=\"background-color: #ffffff;\">\n<td style=\"padding: 10px;\"><strong>07.09.2025<\/strong><\/td>\n<td style=\"padding: 10px;\"><a href=\"https:\/\/averdade.com\/8544405448\/porto-recebe-a-13a-edicao-da-porto-city-race-nos-dias-27-e-28-de-setembro\/\" target=\"_blank\" rel=\"noopener\">Jornal A Verdade | Porto recebe a 13.\u00aa edi\u00e7\u00e3o da Porto City Race nos dias 27 e 28 de setembro<\/a><\/td>\n<\/tr>\n<tr style=\"background-color: #f0f0f0;\">\n<td style=\"padding: 10px;\"><strong>19.08.2025<\/strong><\/td>\n<td style=\"padding: 10px;\"><a href=\"https:\/\/correrporprazer.com\/2025\/08\/porto-city-race-2025\/\" target=\"_blank\" rel=\"noopener\">Correr Por Prazer | Porto City Race 2025<\/a><\/td>\n<\/tr>\n<tr style=\"background-color: #ffffff;\">\n<td style=\"padding: 10px;\"><strong>12.08.2025<\/strong><\/td>\n<td style=\"padding: 10px;\"><a href=\"https:\/\/newinporto.nit.pt\/fit\/porto-city-race-regressou-a-famosa-corrida-que-lhe-mostra-os-segredos-da-cidade\" target=\"_blank\" rel=\"noopener\">Portal NiT | Porto City Race: regressou a famosa corrida que lhe mostra os segredos da cidade<\/a><\/td>\n<\/tr>\n<tr style=\"background-color: #f0f0f0;\">\n<td style=\"padding: 10px;\"><strong>08.08.2025<\/strong><\/td>\n<td style=\"padding: 10px;\"><a href=\"https:\/\/viva-porto.pt\/porto-city-race-regressa-em-setembro-com-tres-provas-de-orientacao-urbana\/\" target=\"_blank\" rel=\"noopener\">Revista Viva Porto | Porto City Race regressa em setembro com tr\u00eas provas de orienta\u00e7\u00e3o urbana<\/a><\/td>\n<\/tr>\n<tr style=\"background-color: #ffffff;\">\n<td style=\"padding: 10px;\"><strong>07.08.2025<\/strong><\/td>\n<td style=\"padding: 10px;\"><a href=\"https:\/\/www.jn.pt\/desporto\/artigo\/porto-city-race-agendada-para-27-e-28-de-setembro\/17857579\" target=\"_blank\" rel=\"noopener\">Jornal de Not\u00edcias | Porto City Race agendada para 27 e 28 de setembro<\/a><\/td>\n<\/tr>\n<tr style=\"background-color: #f0f0f0;\">\n<td style=\"padding: 10px;\"><strong>06.08.2025<\/strong><\/td>\n<td style=\"padding: 10px;\"><a href=\"https:\/\/www.agoraporto.pt\/noticias\/porto-city-race-conta-com-tres-novas-provas-em-setembro\" target=\"_blank\" rel=\"noopener\">\u00c1gora CM Porto | Porto City Race conta com tr\u00eas novas provas em setembro<\/a><\/td>\n<\/tr>\n<tr style=\"background-color: #ffffff;\">\n<td style=\"padding: 10px;\"><strong>04.08.2025<\/strong><\/td>\n<td style=\"padding: 10px;\"><a href=\"https:\/\/www.record.pt\/modalidades\/orientacao\/detalhe\/porto-recebe-a-13-edicao-da-porto-city-race-em-setembro\" target=\"_blank\" rel=\"noopener\">Jornal Record | Porto recebe a 13\u00aa edi\u00e7\u00e3o da Porto City Race em setembro<\/a><\/td>\n<\/tr>\n<tr style=\"background-color: #f0f0f0;\">\n<td style=\"padding: 10px;\"><strong>17.06.2025<\/strong><\/td>\n<td style=\"padding: 10px;\"><a href=\"https:\/\/vousair.pt\/porto-city-race-regressa-em-setembro-com-tres-provas-em-dois-dias\/\" target=\"_blank\" rel=\"noopener\">Portal Vou Sair | Porto City Race regressa em setembro com tr\u00eas provas em dois dias<\/a><\/td>\n<\/tr>\n<tr style=\"background-color: #ffffff;\">\n<td style=\"padding: 10px;\"><strong>16.06.2025<\/strong><\/td>\n<td style=\"padding: 10px;\"><a href=\"https:\/\/sportinforma.sapo.pt\/modalidades\/orientacao\/artigos\/orientacao-a-porto-city-race-continua-a-inovar-dando-a-conhecer-a-cidade-de-mapa-na-mao\" target=\"_blank\" rel=\"noopener\">Sport Informa | Orienta\u00e7\u00e3o: A Porto City Race continua a inovar dando a conhecer a cidade de mapa na m\u00e3o<\/a><\/td>\n<\/tr>\n<tr style=\"background-color: #f0f0f0;\">\n<td style=\"padding: 10px;\"><strong>16.06.2025<\/strong><\/td>\n<td style=\"padding: 10px;\"><a href=\"https:\/\/www.opraticante.pt\/porto-city-race-inovar\" target=\"_blank\" rel=\"noopener\">O Praticante | Porto City Race continua a inovar<\/a><\/td>\n<\/tr>\n<tr style=\"background-color: #ffffff;\">\n<td style=\"padding: 10px;\"><strong>12.06.2025<\/strong><\/td>\n<td style=\"padding: 10px;\"><a href=\"https:\/\/www.prorunners.pt\/noticia\/19\/2893\/porto-city-race-continua-a-inovar-dando-a-conhecer-a-cidade-de-mapa\" target=\"_blank\" rel=\"noopener\">Prorunners Magazine | Porto City Race d\u00e1 a conhecer a cidade de mapa na m\u00e3o<\/a><\/td>\n<\/tr>\n<tr style=\"background-color: #f0f0f0;\">\n<td style=\"padding: 10px;\"><\/td>\n<td style=\"padding: 10px;\"><\/td>\n<\/tr>\n<tr style=\"background-color: #ffffff;\">\n<td style=\"padding: 10px;\"><strong>2017<\/strong><\/td>\n<td style=\"padding: 10px;\"><a href=\"https:\/\/orievents.com\/pt\/events\/porto-city-race-2017\/clipping17\/\" target=\"_blank\" rel=\"noopener\">Orievents | Clippings 2017<\/a><\/td>\n<\/tr>\n<tr style=\"background-color: #f0f0f0;\">\n<td style=\"padding: 10px;\"><strong>2016<\/strong><\/td>\n<td style=\"padding: 10px;\"><a href=\"https:\/\/orievents.com\/pt\/events\/porto-city-race-2016\/clipping-porto-city-race16\/\" target=\"_blank\" rel=\"noopener\">Orievents | Clippings 2016<\/a><\/td>\n<\/tr>\n<tr style=\"background-color: #ffffff;\">\n<td style=\"padding: 10px;\"><strong>2015<\/strong><\/td>\n<td style=\"padding: 10px;\"><a href=\"https:\/\/orievents.com\/pt\/events\/porto-city-race-2015\/clipping-porto-city-race-2015\/\" target=\"_blank\" rel=\"noopener\">Orievents | Clippings 2015<\/a><\/td>\n<\/tr>\n<\/tbody>\n<\/table>\n","protected":false},"excerpt":{"rendered":"&nbsp; 18.09.2025 Jornal Record | Invicta volta a receber a Porto City Race 10.09.2025 Time Out Porto | De mapa na m\u00e3o e sapatilhas nos p\u00e9s. A Porto City Race volta a sair \u00e0 rua. 07.09.2025 O Praticante | Porto Corre-se e Descobre-se 07.09.2025 Jornal A Verdade | Porto recebe a 13.\u00aa edi\u00e7\u00e3o da Porto&#8230; <a class=\"view-article\" href=\"https:\/\/gd4caminhos.com\/portocityrace\/reportagens\/\"><\/a>","protected":false},"author":1,"featured_media":0,"parent":0,"menu_order":0,"comment_status":"closed","ping_status":"closed","template":"","meta":{"footnotes":""},"class_list":["post-985","page","type-page","status-publish","hentry"],"_links":{"self":[{"href":"https:\/\/gd4caminhos.com\/portocityrace\/wp-json\/wp\/v2\/pages\/985","targetHints":{"allow":["GET"]}}],"collection":[{"href":"https:\/\/gd4caminhos.com\/portocityrace\/wp-json\/wp\/v2\/pages"}],"about":[{"href":"https:\/\/gd4caminhos.com\/portocityrace\/wp-json\/wp\/v2\/types\/page"}],"author":[{"embeddable":true,"href":"https:\/\/gd4caminhos.com\/portocityrace\/wp-json\/wp\/v2\/users\/1"}],"replies":[{"embeddable":true,"href":"https:\/\/gd4caminhos.com\/portocityrace\/wp-json\/wp\/v2\/comments?post=985"}],"version-history":[{"count":8,"href":"https:\/\/gd4caminhos.com\/portocityrace\/wp-json\/wp\/v2\/pages\/985\/revisions"}],"predecessor-version":[{"id":1084,"href":"https:\/\/gd4caminhos.com\/portocityrace\/wp-json\/wp\/v2\/pages\/985\/revisions\/1084"}],"wp:attachment":[{"href":"https:\/\/gd4caminhos.com\/portocityrace\/wp-json\/wp\/v2\/media?parent=985"}],"curies":[{"name":"wp","href":"https:\/\/api.w.org\/{rel}","templated":true}]}}