{"id":332,"date":"2022-05-22T23:31:08","date_gmt":"2022-05-22T22:31:08","guid":{"rendered":"https:\/\/gd4caminhos.com\/viana\/?page_id=332"},"modified":"2023-05-23T22:25:15","modified_gmt":"2023-05-23T21:25:15","slug":"inscricoes","status":"publish","type":"page","link":"https:\/\/gd4caminhos.com\/viana\/inscricoes\/","title":{"rendered":"Inscri\u00e7\u00f5es"},"content":{"rendered":"\r\n<p><strong>Inscri\u00e7\u00e3o online<\/strong>\u00a0\u2013\u00a0<a href=\"https:\/\/www.orioasis.pt\/oasis\/express.php?action=express&amp;sh=s&amp;eventid=2671\">Portal O\u00e1sis<\/a><br \/>Via e-mail \u2013 inscrever@gd4caminhos.com<br \/>Tel: +351 917959071<\/p>\r\n\r\n\r\n\r\n<p><strong>Dados obrigat\u00f3rios para inscri\u00e7\u00e3o (individual ou em grupo) via e-mail:<\/strong><br \/>&#8211; Nome(s) do(s) participante(s);<br \/>&#8211; Ano(s) de nascimento;<br \/>&#8211; Nome do Clube;<br \/>&#8211; N\u00ba de filiado na FPO (caso n\u00e3o seja filiado na FPO, o NIF, o n\u00ba de Bilhete de Identidade ou de cart\u00e3o de cidad\u00e3o);<br \/>&#8211; N\u00ba do SI Card. (Na aus\u00eancia deste, ser-lhe-\u00e1 alugado um; A perda ou n\u00e3o devolu\u00e7\u00e3o do SI Card alugado implica o pagamento de 30\u20ac ou 37,50\u20ac, consoante o modelo);<br \/>&#8211; N\u00ba de telem\u00f3vel e e-mail (Por motivo de necessidade de inqu\u00e9rito epidemiol\u00f3gico);<br \/>&#8211; Classe de participa\u00e7\u00e3o (ver <a href=\"https:\/\/gd4caminhos.com\/viana\/info-geral\/\">informa\u00e7\u00e3o geral<\/a>);<\/p>\r\n\r\n\r\n\r\n<p>Nota: Os atletas que pretendem participar em grupo, devem efectuar apenas uma \u00fanica inscri\u00e7\u00e3o mencionando os dados obrigat\u00f3rios de todos os participantes que o constituem.<\/p>\r\n\r\n\r\n\r\n<p><strong>Participa\u00e7\u00e3o em grupo<\/strong>:<br \/>Cada participante ter\u00e1 direito a um mapa;<br \/>Ao grupo ser\u00e1 atribu\u00eddo um peitoral e um chip (SICard)<\/p>\r\n\r\n\r\n\r\n<p><strong><br \/>Taxas de Inscri\u00e7\u00e3o:<\/strong><br \/>Adultos (&gt; 20 anos) \u2013 6,00\u20ac<br \/>Jovens (&lt; = 20 anos) \u2013 4,00\u20ac<br \/>Desporto Escolar \u2013 1,50\u20ac<br \/>Orienta\u00e7\u00e3o adaptada &#8211; Gratuita<\/p>\r\n\r\n\r\n\r\n<p><strong><br \/>Pagamento por transfer\u00eancia Banc\u00e1ria:<\/strong><br \/>Montepio Geral<br \/>IBAN: PT50 0036 0295 9910 0001 1772 7<br \/>SWIFT \/ BIC CODE: MPIOPTPL<\/p>\r\n","protected":false},"excerpt":{"rendered":"Inscri\u00e7\u00e3o online\u00a0\u2013\u00a0Portal O\u00e1sisVia e-mail \u2013 inscrever@gd4caminhos.comTel: +351 917959071 Dados obrigat\u00f3rios para inscri\u00e7\u00e3o (individual ou em grupo) via e-mail:&#8211; Nome(s) do(s) participante(s);&#8211; Ano(s) de nascimento;&#8211; Nome do Clube;&#8211; N\u00ba de filiado na FPO (caso n\u00e3o seja filiado na FPO, o NIF, o n\u00ba de Bilhete de Identidade ou de cart\u00e3o de cidad\u00e3o);&#8211; N\u00ba do SI Card&#8230;. <a class=\"view-article\" href=\"https:\/\/gd4caminhos.com\/viana\/inscricoes\/\"><\/a>","protected":false},"author":1,"featured_media":0,"parent":0,"menu_order":0,"comment_status":"closed","ping_status":"closed","template":"","meta":{"_coblocks_attr":"","_coblocks_dimensions":"","_coblocks_responsive_height":"","_coblocks_accordion_ie_support":"","footnotes":""},"class_list":["post-332","page","type-page","status-publish","hentry"],"_links":{"self":[{"href":"https:\/\/gd4caminhos.com\/viana\/wp-json\/wp\/v2\/pages\/332","targetHints":{"allow":["GET"]}}],"collection":[{"href":"https:\/\/gd4caminhos.com\/viana\/wp-json\/wp\/v2\/pages"}],"about":[{"href":"https:\/\/gd4caminhos.com\/viana\/wp-json\/wp\/v2\/types\/page"}],"author":[{"embeddable":true,"href":"https:\/\/gd4caminhos.com\/viana\/wp-json\/wp\/v2\/users\/1"}],"replies":[{"embeddable":true,"href":"https:\/\/gd4caminhos.com\/viana\/wp-json\/wp\/v2\/comments?post=332"}],"version-history":[{"count":9,"href":"https:\/\/gd4caminhos.com\/viana\/wp-json\/wp\/v2\/pages\/332\/revisions"}],"predecessor-version":[{"id":733,"href":"https:\/\/gd4caminhos.com\/viana\/wp-json\/wp\/v2\/pages\/332\/revisions\/733"}],"wp:attachment":[{"href":"https:\/\/gd4caminhos.com\/viana\/wp-json\/wp\/v2\/media?parent=332"}],"curies":[{"name":"wp","href":"https:\/\/api.w.org\/{rel}","templated":true}]}}