{"id":344,"date":"2022-05-22T23:29:15","date_gmt":"2022-05-22T22:29:15","guid":{"rendered":"https:\/\/gd4caminhos.com\/viana\/?page_id=344"},"modified":"2023-05-23T22:13:40","modified_gmt":"2023-05-23T21:13:40","slug":"programa","status":"publish","type":"page","link":"https:\/\/gd4caminhos.com\/viana\/programa\/","title":{"rendered":"Programa"},"content":{"rendered":"<p><b>22 de junho<\/b>;<\/p>\n<p>Data limite para as inscri\u00e7\u00f5es dos escal\u00f5es de competi\u00e7\u00e3o;<\/p>\n<p><strong>23 de junho:<\/strong><br \/>\npublica\u00e7\u00e3o das horas de partida<\/p>\n<p><strong>25 de junho:<\/strong><br \/>\n08:30 \u2013 Abertura do secretariado.<br \/>\n10:00 \u2013 Partida de todos escal\u00f5es;<br \/>\n12:30 \u2013 Cerim\u00f3nia da entrega de pr\u00e9mios;<\/p>\n","protected":false},"excerpt":{"rendered":"22 de junho; Data limite para as inscri\u00e7\u00f5es dos escal\u00f5es de competi\u00e7\u00e3o; 23 de junho: publica\u00e7\u00e3o das horas de partida 25 de junho: 08:30 \u2013 Abertura do secretariado. 10:00 \u2013 Partida de todos escal\u00f5es; 12:30 \u2013 Cerim\u00f3nia da entrega de pr\u00e9mios;","protected":false},"author":1,"featured_media":0,"parent":0,"menu_order":0,"comment_status":"closed","ping_status":"closed","template":"","meta":{"_coblocks_attr":"","_coblocks_dimensions":"","_coblocks_responsive_height":"","_coblocks_accordion_ie_support":"","footnotes":""},"class_list":["post-344","page","type-page","status-publish","hentry"],"_links":{"self":[{"href":"https:\/\/gd4caminhos.com\/viana\/wp-json\/wp\/v2\/pages\/344","targetHints":{"allow":["GET"]}}],"collection":[{"href":"https:\/\/gd4caminhos.com\/viana\/wp-json\/wp\/v2\/pages"}],"about":[{"href":"https:\/\/gd4caminhos.com\/viana\/wp-json\/wp\/v2\/types\/page"}],"author":[{"embeddable":true,"href":"https:\/\/gd4caminhos.com\/viana\/wp-json\/wp\/v2\/users\/1"}],"replies":[{"embeddable":true,"href":"https:\/\/gd4caminhos.com\/viana\/wp-json\/wp\/v2\/comments?post=344"}],"version-history":[{"count":6,"href":"https:\/\/gd4caminhos.com\/viana\/wp-json\/wp\/v2\/pages\/344\/revisions"}],"predecessor-version":[{"id":757,"href":"https:\/\/gd4caminhos.com\/viana\/wp-json\/wp\/v2\/pages\/344\/revisions\/757"}],"wp:attachment":[{"href":"https:\/\/gd4caminhos.com\/viana\/wp-json\/wp\/v2\/media?parent=344"}],"curies":[{"name":"wp","href":"https:\/\/api.w.org\/{rel}","templated":true}]}}